-5 + 5. Suppose 3*l - i + 128 = b, -3*l = 4*i - 3*i + 124. Let d be 0 - (l - (-8)/4). Calculate the highest common divisor of 20 and d.
20
Let j(c) = -8*c - 7. Let y be j(-3). Let x = -7 + y. Suppose l = 27 + 3. Calculate the greatest common divisor of x and l.
10
Let z(c) be the first derivative of -c**4/4 - 4*c**3/3 - c**2/2 - c - 24. Let v be z(-4). What is the greatest common divisor of 21 and v?
3
Let g(i) = i**3 + 13*i**2 + 11*i - 6. Let z be g(-12). Calculate the highest common factor of z and 189.
3
Suppose 0 = 2*s + 4*z - z + 10, -4*s - 5*z = 16. Let b be 1 + s + 54 + 4. What is the highest common factor of b and 24?
12
Let k be 2 - (-8*4)/2. Let g be k - (4 - 6)*1. What is the greatest common factor of g and 8?
4
Let z be 364/(-63) - (-4)/(-18). Let x = z + 9. Calculate the highest common factor of x and 1.
1
Let h(m) = 5*m + 9. Let q be h(4). What is the highest common divisor of 319 and q?
29
Let r(o) = -12*o. Let x be r(-10). Calculate the greatest common divisor of 60 and x.
60
Let l(x) = x**3 + 9*x**2 + 4*x - 6. Let g be l(-8). Let t(u) = 60*u**2 + 5*u. Let z be t(1). What is the greatest common divisor of g and z?
13
Let b(q) = 3*q + 63. Let s be b(7). Calculate the highest common factor of s and 36.
12
Suppose 12150 = 42*f + 2742. Calculate the greatest common factor of 14 and f.
14
Let s(x) = -x. Let k(b) = 12*b - 6. Let c(h) = -k(h) - 30*s(h). Let a be c(7). Suppose -607 = -45*l - 67. Calculate the highest common divisor of l and a.
12
Let a(d) = -4*d - 2. Let g = -4 - 0. Let i be a(g). Let m = 60 - 18. What is the greatest common factor of i and m?
14
Let d be 7 - 6 - (-57 - -1). Let b = 117 - d. Calculate the greatest common factor of b and 240.
60
Let g be 3/9 + -52*4/(-24). Let a be (-1)/(-3) + 160/6. Calculate the greatest common divisor of g and a.
9
Suppose 5*x - 2*i - i = 550, -5*x + 5*i = -550. Suppose -503 = -20*k + 897. Suppose 0 = 14*o - 7*o - k. What is the highest common divisor of x and o?
10
Suppose -5*y - 119 = -m, 2*m = 4*m - 2*y - 198. Calculate the highest common divisor of m and 2162.
94
Let z(p) = -p**3 + 9*p**2 - p + 20. Let r be z(9). Calculate the greatest common factor of 253 and r.
11
Suppose 135*f - 112*f = 575. Calculate the highest common factor of 1825 and f.
25
Let u be (2/4)/((-4)/(-8)) + 5. Suppose 0 = 3*j + 3*h - 93, u*h + 87 = 3*j + 3*h. Let m = 528 + -318. Calculate the highest common factor of m and j.
30
Let u(m) = 3*m**3 - 9*m**2 + 6*m - 9. Let o be u(4). What is the greatest common factor of o and 49?
7
Let a be 6/27 + (-592)/(-9). Let q be (-1)/(-1)*1*11. Suppose -5*r + 28 = d, 3*r - d + q - 31 = 0. What is the highest common factor of a and r?
6
Let q = -77 - -66. Let r = 25 + q. What is the greatest common divisor of 126 and r?
14
Let v(o) = -11*o**2 - 386*o + 45. Let p be v(-35). Calculate the greatest common factor of p and 416.
16
Suppose -21 + 293 = 16*d. Calculate the highest common divisor of 391 and d.
17
Let t(y) = -y**3 - 4*y**2 + 4*y + 2. Let j be t(-5). Let k = -126 - -267. Suppose -k + 43 = -2*p. What is the greatest common factor of p and j?
7
Let x = 487 + -175. Calculate the greatest common divisor of x and 48.
24
Let h = 25 - 14. Suppose 43*x = 38*x + 10. Let j(a) = 21*a + 2. Let l be j(x). Calculate the greatest common divisor of h and l.
11
Let t(c) = -c**3 - 2*c**2 + 4. Let q be t(-2). Suppose -3*u - 2 = -q*u. Calculate the highest common divisor of u and 3.
1
Suppose 179 = -4*z + 267. Let j = 267 + -25. What is the greatest common divisor of z and j?
22
Suppose 4*m - 5*m = -9. Let z(g) = -g**3 - 2*g - 3. Let a be z(-2). Calculate the highest common factor of a and m.
9
Suppose 15*m + 87 = 1797. Calculate the greatest common divisor of m and 38.
38
Suppose 4*f - 144 = -4*v, -f - 216 = -5*v + 3*f. Let r(q) = -q**3 + 5*q + 4. Let j be r(-3). Calculate the highest common factor of j and v.
8
Suppose 59*c - 270 = 29*c. Let j = 57 - 39. Calculate the greatest common factor of c and j.
9
Suppose -4*k + g + 29 = -0*g, -4*k + 4*g = -32. Calculate the highest common factor of k and 371.
7
Let s be ((-52)/(-20) + 3)*(19 - -1). Calculate the highest common divisor of 48 and s.
16
Let i be 0/1 + (-36)/(-1). Suppose -2*k + 6*d = 5*d - 54, -4*k - 3*d + 78 = 0. What is the highest common factor of i and k?
12
Suppose 2*q - 4 = u + 2, -10 = -u - 2*q. Let y be 0/u + (-2 - -1). Let o be 114/6 + 0/y. What is the greatest common divisor of o and 76?
19
Let g(l) = -2*l**3 - 3*l**2. Let d be g(-2). Suppose -d*i + 48 = -3*i. What is the greatest common divisor of i and 32?
16
Let u = -137 + 193. Calculate the greatest common factor of 308 and u.
28
Suppose -41*c = -75*c + 714. Suppose 5*a + 3*b - 27 = 0, 1 = -4*a + 5*b - 7. What is the greatest common divisor of c and a?
3
Let g be (-3 + -15)*75/(-9). Calculate the highest common divisor of 75 and g.
75
Let v(l) = -2*l**2 - 6*l. Let t be v(-10). Let n be -24*(t/(-16))/7. Let w = n - -58. Calculate the greatest common factor of w and 14.
14
Suppose 0 = -27*s - 29*s + 896. Calculate the highest common divisor of 1712 and s.
16
Let o = 376 + -301. Calculate the highest common factor of o and 60.
15
Let w = -5 + 17. Let i = 6 + 6. What is the greatest common divisor of w and i?
12
Let o = 19 - -23. Let c = -18 + 46. Calculate the highest common divisor of o and c.
14
Suppose -567 = -2*m - m. Let u(a) = -a**2 + 7*a + 11. Let z be u(7). Let n = 32 - z. Calculate the greatest common factor of n and m.
21
Let m(q) = -8*q + 5. Let x be m(-2). Suppose 13*d + 168 = 14*d. What is the highest common divisor of d and x?
21
Suppose 5*g = 2*g. Suppose -4*r - 33 = -3*r - 3*i, g = 2*r - i + 41. Let h = r - -38. What is the greatest common factor of h and 5?
5
Suppose -100*j = -95*j - 170. Calculate the greatest common divisor of j and 1207.
17
Let v = -275 + 309. What is the greatest common factor of 17 and v?
17
Suppose 51*k - 16810 = -31*k. What is the greatest common factor of 164 and k?
41
Let a be 12/2*90/27. Suppose 16 = h - 3*o + 6*o, -a = -5*o. Suppose -2*u = -4*u + 56. Calculate the greatest common divisor of h and u.
4
Let l be ((-4)/(-40)*-4)/(1/(-275)). What is the highest common divisor of 10 and l?
10
Suppose 6*d = -0*d + 18. Suppose 10*p - d*p - 490 = 0. What is the highest common factor of p and 105?
35
Let g be ((-3)/2)/(2*15/(-40)). Let q(w) = 16*w**3 + 4. Let y be q(g). Calculate the greatest common factor of y and 24.
12
Suppose -4*w - 468 = 3*f, 5*f - 3*w = 2*w - 815. Let d = f - -329. Calculate the highest common divisor of 13 and d.
13
Let h(m) be the third derivative of m**4/2 - 13*m**2. Let z be h(4). Let c = 223 + -151. Calculate the greatest common divisor of c and z.
24
Suppose -4*i + 3*s + 261 = -76, 5*s - 430 = -5*i. Suppose -7*c + i = -83. Let g = 26 - c. Calculate the greatest common divisor of g and 3.
1
Suppose -5*z - 100 = -5*k, 2*z = -2*k - 1 + 49. Calculate the greatest common factor of 44 and k.
22
Let i(u) be the second derivative of -5*u**3/6 - 13*u**2/2 - 6*u. Let g be i(-7). What is the highest common divisor of 22 and g?
22
Suppose 5*z - 4*n - 67 = 0, 27 = 3*z - 5*n - 21. What is the greatest common factor of z and 2?
1
Let k be 19 - 2*-1*125/50. Let s = -4 - -4. Suppose 0 = h - 2*o + 4 - 18, 3*h - 5*o - 41 = s. Calculate the highest common factor of h and k.
12
Let a be (-1 - 25/(-10))*2. Suppose 0*v + a*v - 144 = 0. What is the highest common divisor of 6 and v?
6
Let u be (-12)/(3/(117/(-2))). Let v(b) = -2*b**3 - 53*b**2 + 142*b - 61. Let n be v(-29). What is the highest common factor of u and n?
26
Suppose 2*k - 6 = -0*k. Let l = k - -5. What is the highest common divisor of l and 32?
8
Suppose 54*y + 22*y - 30 = 46. Let j(i) = -2*i**3 - i**2 + 2*i + 3. Let g be j(-2). Calculate the highest common factor of g and y.
1
Suppose 12 = -3*x + x - 4*a, -4*x - 9 = 5*a. Let f be 2/(x + 570/(-145)). What is the highest common factor of 29 and f?
29
Let n = -6729 - -10892. What is the greatest common factor of n and 23?
23
Let y be 18*(1 - 3 - -7). Let u = y + -48. Let m = u - 28. Calculate the greatest common divisor of m and 42.
14
Suppose -3*y = 21 - 27. Suppose -5*j = 4*v - y*v + 22, 4*v = -j - 8. Let h be j/(-2) + (-80)/(-4). Calculate the greatest common divisor of h and 11.
11
Let o = -22 - -24. Let j = 